{"id":97,"date":"2020-06-12T15:38:55","date_gmt":"2020-06-12T13:38:55","guid":{"rendered":"https:\/\/aikidoschule-essen.de\/?page_id=97"},"modified":"2023-09-05T15:49:35","modified_gmt":"2023-09-05T13:49:35","slug":"https-aikidoschule-essen-de-page_id97oeffnet-in-neuem-tab","status":"publish","type":"page","link":"https:\/\/aikidoschule-essen.de\/?page_id=97","title":{"rendered":"Aikido"},"content":{"rendered":"\n<p class=\"has-medium-font-size\"><strong>Aikido in der Aikidoschule Essen<\/strong><\/p>\n\n\n\n<p class=\"has-medium-font-size\"> ist Kampfkunst f\u00fcr alle Altersgruppen. Je nach den k\u00f6rperlichen Voraussetzungen oder pers\u00f6nlichen Zielen k\u00f6nnen unterschiedliche Schwerpunkte gesetzt werden.<\/p>\n\n\n\n<p class=\"has-medium-font-size\">Das Angebot in der Aikidoschule Essen bietet die M\u00f6glichkeit, <a href=\"https:\/\/aikidoschule-essen.de\/?page_id=255(\u00f6ffnet in neuem Tab)\">verschiedene Kurse mit unterschiedlichen Zielsetzungen<\/a> zu besuchen.<\/p>\n\n\n\n<p class=\"has-medium-font-size\">Sowohl k\u00f6rperliche Fitness, Selbstverteidigung, mentales Training oder gelenkschonendes bewegen sind Aspekte des Trainings und k\u00f6nnen als Schwerpunkte gew\u00e4hlt werden.<\/p>\n\n\n\n<p class=\"has-medium-font-size\">Gesundheitliche Auswirkungen des Aikido-Trainings sind zum Beispiel eine Aufrichtung der K\u00f6rperhaltung, Verbesserung der K\u00f6rperkoordinierung und der Atemfunktion, sowie eine Stabilisierung des Rumpfes und eine St\u00e4rkung des Beckenbodens. Damit einher geht eine gesamtk\u00f6rperliche Synchronisierung der Bewegungsabl\u00e4ufe.<\/p>\n\n\n\n<p class=\"has-medium-font-size\">Die Aikido-Ausbildung erfolgt in aufeinander aufbauenden Stufen:<\/p>\n\n\n\n<p class=\"has-medium-font-size\">Am Anfang steht ein Grundlagentraining und \u00dcbungen zur K\u00f6rpermechanik, zur mental-k\u00f6rperlichen Verbundenheit, zur Fallschule und zur Atmung. Darauf aufbauend erfolgt das Ein\u00fcben von Basis-Techniken, mit sp\u00e4ter komplexeren Abl\u00e4ufen und Techniken zur Selbstverteidigung.<\/p>\n\n\n\n<p class=\"has-medium-font-size\"><\/p>\n\n\n<div class=\"wp-block-image\">\n<figure class=\"aligncenter size-large is-resized\"><img fetchpriority=\"high\" decoding=\"async\" src=\"https:\/\/aikidoschule-essen.de\/wp-content\/uploads\/2022\/03\/N72_7035-683x1024.jpg\" alt=\"\" class=\"wp-image-732\" style=\"width:415px;height:620px\" width=\"415\" height=\"620\"\/><\/figure>\n<\/div>\n\n\n<p class=\"has-medium-font-size\">Angebote:<\/p>\n\n\n\n<p class=\"has-medium-font-size\">Aikido f\u00fcr Kinder\/Jugendliche<\/p>\n\n\n\n<p class=\"has-medium-font-size\">Aikido f\u00fcr Erwachsene in aufeinander aufbauenden Stufen: <\/p>\n\n\n\n<p class=\"has-medium-font-size\">Grundlagentraining zur K\u00f6rperdynamik, Motorik, Atmung, etc. <a href=\"https:\/\/aikidoschule-essen.de\/?page_id=155\">(Ki\/Aiki)<\/a><\/p>\n\n\n\n<p class=\"has-medium-font-size\">Techniken zur Selbstverteidigung<\/p>\n\n\n\n<p class=\"has-medium-font-size\">Waffentraining &#8211; Aiki-ken, Aiki-Jo &#8211; Stock\/Schwert-Training als Erg\u00e4nzung und zum Verst\u00e4ndnis der Bewegungsprinzipien bildet ein wichtiges Element im Aikido.<\/p>\n\n\n\n<hr class=\"wp-block-separator has-css-opacity\"\/>\n\n\n\n<p><\/p>\n\n\n\n<h3 class=\"wp-block-heading\"><strong>Aikido<\/strong> &#8211; <strong>nicht  nur Kampfkunst<\/strong><\/h3>\n\n\n\n<p class=\"has-medium-font-size\">Aus den alten Bud\u00f4-Kampfk\u00fcnsten der Samurai \u2013 der Krieger des feudalen Japans \u2013 schuf&nbsp; Morihei Ueshiba im 2. u. 3. Viertel des 20. Jh. eine Kunst, die dazu dient Aggressionen und Gewalt zu kontrollieren und zu neutralisieren.<\/p>\n\n\n\n<p class=\"has-medium-font-size\">Aus dem Aiki-Jujutsu, der alten Samurai &#8211; Kampfkunst, wurde durch M. Ueshiba ein Weg zur Schulung und Harmonisierung der k\u00f6rperlichen und geistigen Kr\u00e4fte des Menschen. Dies wird durch den Begriff des Ai-Ki (Ai \u2013 Harmonie, Ki \u2013 geistige und k\u00f6rperliche Kraft, Lebenskraft) ausgedr\u00fcckt. das Do steht f\u00fcr den Weg des AiKi, Entwicklung besonderer F\u00e4higkeiten durch spezielle K\u00f6rpermechanik und k\u00f6rperlich-mentale Koordination. Diese k\u00f6nnen theoretisch zu Zwecken der Gewalt eingesetzt werden, doch Aiki-Do Training f\u00fchrt letztendlich auch zur Transformation der gedanklichen Ausrichtung, das &#8222;k\u00e4mpfen wollen&#8220; ger\u00e4t immer mehr in den Hintergrund.<\/p>\n\n\n\n<p class=\"has-medium-font-size\">Verschiedene Ju-Jutsu-Stile und die Stilrichtungen verschiedener Schwert- Stock und Lanzenkampf\u2013Systeme waren die technischen Grundlagen zur Entwicklung des Aikido. Den st\u00e4rksten Einfluss auf die Entwicklung des Aikido hatte jedoch das Aiki-Jutsu des Takeda-Clans, welches Anfang des 20. Jahrhunderts durch Sokaku Takeda, den Lehrer M. Ueshibas, erg\u00e4nzt und erneuert wurde.<\/p>\n\n\n\n<h3 class=\"wp-block-heading\">Geistige <strong>Hintergr\u00fcnde<\/strong><\/h3>\n\n\n\n<p class=\"has-medium-font-size\">Die geistigen Hintergr\u00fcnde des Aikido liegen in den vielf\u00e4ltigen religi\u00f6sen und philosophischen Str\u00f6mungen, von denen M. Ueshiba als Japaner beeinflusst war. So war Aikido f\u00fcr ihn eine Methode, sich mit den Kr\u00e4ften der Natur und Universums in Einklang zu versetzen, zun\u00e4chst um die F\u00e4higkeiten in der Kampfkunst zu verbessern. Sp\u00e4ter setzte sich die Erkenntnis durch, dass Kampfkunst eher ein Werkzeug zur Entwicklung der Menschheit sein muss, und kein Werkzeug zum T\u00f6ten oder Zerst\u00f6ren von Gegnern.<\/p>\n\n\n\n<p class=\"has-medium-font-size\">Der Begriff &#8222;Aiki&#8220; bezieht sich nicht ausschliesslich auf die Harmonisierung, das &#8222;Umlenken und Weiterleiten&#8220; der Bewgegungen des Angreifers (blending). Unter Aiki wird auch die Harmonisierung der &#8222;<a href=\"https:\/\/aikidoschule-essen.de\/?page_id=155\">inneren Kraft<\/a>&#8220; verstanden. Durch spezielle \u00dcbungskonzepte (Aiki-In-Yo-ho) wurden schon in alter Zeit k\u00f6rperliche Eigenschaften trainiert, welche die Entfaltung dieser Kr\u00e4fte (chikara, kokyu-ryoku) erm\u00f6glichten. In den Techniken des Aikido ist diese \u00dcbungsweise angelegt.<\/p>\n\n\n\n<h3 class=\"wp-block-heading\"><strong>Technik<\/strong><\/h3>\n\n\n\n<p class=\"has-medium-font-size\">Die oftmals kreis- und spiralf\u00f6rmigen Bewegungen verleihen den Aikido-Techniken ihre besondere Form. Der spiralige Aufbau und die inneren Struktur des menschlichen K\u00f6rpers finden in den Techniken des Aikido ihren Ausdruck.<\/p>\n\n\n\n<p class=\"has-medium-font-size\">Die Formen, die im Aikido ge\u00fcbt werden beinhalten noch das Potential der alten Kampftechniken. Sie werden heute aber gegen\u00fcber der &#8222;alten Zeit&#8220; in etwas abgewandelter Form ge\u00fcbt. Die Anforderungen an eine effektive Selbstverteidigung haben sich ge\u00e4ndert, Efffektivit\u00e4t misst sich heute an anderen Ma\u00dfst\u00e4ben. Die ethischen und gesetzlichen Grundlagen des menschlichen Zusammenlebens sind heute andere als im japanischen Mittelalter. Heute steht die Kontrolle des Angreifers im Vordergrund, denn Aikido dient nicht mehr milit\u00e4rischen, sondern ausschlie\u00dflich zivilen Zwecken. Dennoch lassen sich auch die modernen Techniken des Aikido durchaus anwendungsorientiert \u00fcben.<\/p>\n\n\n\n<p class=\"has-medium-font-size\">llusionen sollte man sich jedoch nicht hingeben, wer erwartet nach einem oder zwei Jahren ein Meister der Kampfkunst zu werden, wird entt\u00e4uscht. Aikido \u00fcben bedeutet hart an sich zu arbeiten. Wer Aikido lernen will muss sich im Klaren dar\u00fcber zu sein, dass ein langer Weg vor ihm liegt. Es muss nat\u00fcrlich Ergebnisse geben, aber ein Ende des Weges gibt es nicht.<\/p>\n\n\n\n<h3 class=\"wp-block-heading\"><strong>Der Wert des Aikido f\u00fcr die heutige Zeit<\/strong><\/h3>\n\n\n\n<p class=\"has-medium-font-size\">F\u00fcr Morihei Ueshiba gewannen mit der Zeit die religi\u00f6sen \/ spirituellen Aspekte dieser Kunst zunehmend an Bedeutung, die Aspekte des K\u00e4mpfens r\u00fcckten stark in den Hintergrund. Der wahre Sieg wird nicht \u00fcber einen Gegner errungen, sondern \u00fcber den Feind in einem selbst, der einen immer wieder in K\u00e4mpfe verstrickt.&nbsp;<\/p>\n\n\n\n<p class=\"has-medium-font-size\">Wie im Kapitel zur Selbstverteidigung zu lesen ist, muss man lernen, Situationen zu meiden in denen es zu k\u00f6rperlicher Gewalt kommt, sich aber verteidigen zu k\u00f6nnen wenn es erfordrlich ist.<\/p>\n\n\n<div class=\"wp-block-image\">\n<figure class=\"alignleft size-large is-resized\"><img decoding=\"async\" src=\"https:\/\/aikidoschule-essen.de\/wp-content\/uploads\/2020\/09\/osensei-a4_1-833x1024.jpg\" alt=\"\" class=\"wp-image-367\" style=\"width:216px;height:264px\" width=\"216\" height=\"264\" srcset=\"https:\/\/aikidoschule-essen.de\/wp-content\/uploads\/2020\/09\/osensei-a4_1-1250x1536.jpg 1250w, https:\/\/aikidoschule-essen.de\/wp-content\/uploads\/2020\/09\/osensei-a4_1.jpg 1302w\" sizes=\"(max-width: 216px) 100vw, 216px\" \/><figcaption class=\"wp-element-caption\">Aikido Begr\u00fcnder Morihei Ueshiba<\/figcaption><\/figure>\n<\/div>\n\n\n<p><\/p>\n\n\n\n<p><\/p>\n\n\n\n<p><\/p>\n\n\n\n<p><\/p>\n\n\n\n<p><\/p>\n\n\n\n<p class=\"has-medium-font-size\">Der Sinn des Praktizierens des Aikido als \u00dcbungsweg liegt also nicht nur darin zu lernen, wie man Angreifer besiegt oder wie man sie kontrolliert. Er liegt auch darin, eine Geistehaltung zu entwickeln, in der es so etwas wie Angreifer oder Verteidiger nicht gibt und in der diese Denkweise der Gegens\u00e4tze aufgel\u00f6st wird.<\/p>\n","protected":false},"excerpt":{"rendered":"<p>Aikido in der Aikidoschule Essen ist Kampfkunst f\u00fcr alle Altersgruppen. Je nach den k\u00f6rperlichen Voraussetzungen oder pers\u00f6nlichen Zielen k\u00f6nnen unterschiedliche Schwerpunkte gesetzt werden. Das Angebot in der Aikidoschule Essen bietet die M\u00f6glichkeit, verschiedene Kurse mit unterschiedlichen Zielsetzungen zu besuchen. Sowohl k\u00f6rperliche Fitness, Selbstverteidigung, mentales Training oder gelenkschonendes bewegen sind Aspekte des Trainings und k\u00f6nnen als [&hellip;]<\/p>\n","protected":false},"author":1,"featured_media":0,"parent":0,"menu_order":0,"comment_status":"closed","ping_status":"closed","template":"","meta":{"ocean_post_layout":"","ocean_both_sidebars_style":"","ocean_both_sidebars_content_width":0,"ocean_both_sidebars_sidebars_width":0,"ocean_sidebar":"0","ocean_second_sidebar":"0","ocean_disable_margins":"enable","ocean_add_body_class":"","ocean_shortcode_before_top_bar":"","ocean_shortcode_after_top_bar":"","ocean_shortcode_before_header":"","ocean_shortcode_after_header":"","ocean_has_shortcode":"","ocean_shortcode_after_title":"","ocean_shortcode_before_footer_widgets":"","ocean_shortcode_after_footer_widgets":"","ocean_shortcode_before_footer_bottom":"","ocean_shortcode_after_footer_bottom":"","ocean_display_top_bar":"default","ocean_display_header":"default","ocean_header_style":"","ocean_center_header_left_menu":"0","ocean_custom_header_template":"0","ocean_custom_logo":0,"ocean_custom_retina_logo":0,"ocean_custom_logo_max_width":0,"ocean_custom_logo_tablet_max_width":0,"ocean_custom_logo_mobile_max_width":0,"ocean_custom_logo_max_height":0,"ocean_custom_logo_tablet_max_height":0,"ocean_custom_logo_mobile_max_height":0,"ocean_header_custom_menu":"0","ocean_menu_typo_font_family":"0","ocean_menu_typo_font_subset":"","ocean_menu_typo_font_size":0,"ocean_menu_typo_font_size_tablet":0,"ocean_menu_typo_font_size_mobile":0,"ocean_menu_typo_font_size_unit":"px","ocean_menu_typo_font_weight":"","ocean_menu_typo_font_weight_tablet":"","ocean_menu_typo_font_weight_mobile":"","ocean_menu_typo_transform":"","ocean_menu_typo_transform_tablet":"","ocean_menu_typo_transform_mobile":"","ocean_menu_typo_line_height":0,"ocean_menu_typo_line_height_tablet":0,"ocean_menu_typo_line_height_mobile":0,"ocean_menu_typo_line_height_unit":"","ocean_menu_typo_spacing":0,"ocean_menu_typo_spacing_tablet":0,"ocean_menu_typo_spacing_mobile":0,"ocean_menu_typo_spacing_unit":"","ocean_menu_link_color":"","ocean_menu_link_color_hover":"","ocean_menu_link_color_active":"","ocean_menu_link_background":"","ocean_menu_link_hover_background":"","ocean_menu_link_active_background":"","ocean_menu_social_links_bg":"","ocean_menu_social_hover_links_bg":"","ocean_menu_social_links_color":"","ocean_menu_social_hover_links_color":"","ocean_disable_title":"default","ocean_disable_heading":"default","ocean_post_title":"","ocean_post_subheading":"","ocean_post_title_style":"","ocean_post_title_background_color":"","ocean_post_title_background":0,"ocean_post_title_bg_image_position":"","ocean_post_title_bg_image_attachment":"","ocean_post_title_bg_image_repeat":"","ocean_post_title_bg_image_size":"","ocean_post_title_height":0,"ocean_post_title_bg_overlay":0.5,"ocean_post_title_bg_overlay_color":"","ocean_disable_breadcrumbs":"default","ocean_breadcrumbs_color":"","ocean_breadcrumbs_separator_color":"","ocean_breadcrumbs_links_color":"","ocean_breadcrumbs_links_hover_color":"","ocean_display_footer_widgets":"default","ocean_display_footer_bottom":"default","ocean_custom_footer_template":"0","footnotes":""},"class_list":["post-97","page","type-page","status-publish","hentry","entry"],"yoast_head":"<!-- This site is optimized with the Yoast SEO plugin v27.4 - https:\/\/yoast.com\/product\/yoast-seo-wordpress\/ -->\n<title>Aikido in der Aikidoschule Essen &#8211; Aikido f\u00fcr alle Altersgruppen<\/title>\n<meta name=\"description\" content=\"Aikido in der Aikidoschule Essen, Kampfkunstf\u00fcr alle Altersgruppen, innere Kraft, k\u00f6rperliche Fitness, mentales Training, Selbstverteidigung\" \/>\n<meta name=\"robots\" content=\"index, follow, max-snippet:-1, max-image-preview:large, max-video-preview:-1\" \/>\n<link rel=\"canonical\" href=\"https:\/\/aikidoschule-essen.de\/?page_id=97\" \/>\n<meta property=\"og:locale\" content=\"de_DE\" \/>\n<meta property=\"og:type\" content=\"article\" \/>\n<meta property=\"og:title\" content=\"Aikido in der Aikidoschule Essen &#8211; Aikido f\u00fcr alle Altersgruppen\" \/>\n<meta property=\"og:description\" content=\"Aikido in der Aikidoschule Essen, Kampfkunstf\u00fcr alle Altersgruppen, innere Kraft, k\u00f6rperliche Fitness, mentales Training, Selbstverteidigung\" \/>\n<meta property=\"og:url\" content=\"https:\/\/aikidoschule-essen.de\/?page_id=97\" \/>\n<meta property=\"og:site_name\" content=\"Aikidoschule Essen\" \/>\n<meta property=\"article:modified_time\" content=\"2023-09-05T13:49:35+00:00\" \/>\n<meta property=\"og:image\" content=\"https:\/\/aikidoschule-essen.de\/wp-content\/uploads\/2022\/03\/N72_7035-683x1024.jpg\" \/>\n<meta name=\"twitter:card\" content=\"summary_large_image\" \/>\n<meta name=\"twitter:label1\" content=\"Gesch\u00e4tzte Lesezeit\" \/>\n\t<meta name=\"twitter:data1\" content=\"5\u00a0Minuten\" \/>\n<script type=\"application\/ld+json\" class=\"yoast-schema-graph\">{\"@context\":\"https:\\\/\\\/schema.org\",\"@graph\":[{\"@type\":\"WebPage\",\"@id\":\"https:\\\/\\\/aikidoschule-essen.de\\\/?page_id=97\",\"url\":\"https:\\\/\\\/aikidoschule-essen.de\\\/?page_id=97\",\"name\":\"Aikido in der Aikidoschule Essen &#8211; Aikido f\u00fcr alle Altersgruppen\",\"isPartOf\":{\"@id\":\"https:\\\/\\\/aikidoschule-essen.de\\\/#website\"},\"primaryImageOfPage\":{\"@id\":\"https:\\\/\\\/aikidoschule-essen.de\\\/?page_id=97#primaryimage\"},\"image\":{\"@id\":\"https:\\\/\\\/aikidoschule-essen.de\\\/?page_id=97#primaryimage\"},\"thumbnailUrl\":\"https:\\\/\\\/aikidoschule-essen.de\\\/wp-content\\\/uploads\\\/2022\\\/03\\\/N72_7035-683x1024.jpg\",\"datePublished\":\"2020-06-12T13:38:55+00:00\",\"dateModified\":\"2023-09-05T13:49:35+00:00\",\"description\":\"Aikido in der Aikidoschule Essen, Kampfkunstf\u00fcr alle Altersgruppen, innere Kraft, k\u00f6rperliche Fitness, mentales Training, Selbstverteidigung\",\"breadcrumb\":{\"@id\":\"https:\\\/\\\/aikidoschule-essen.de\\\/?page_id=97#breadcrumb\"},\"inLanguage\":\"de\",\"potentialAction\":[{\"@type\":\"ReadAction\",\"target\":[\"https:\\\/\\\/aikidoschule-essen.de\\\/?page_id=97\"]}]},{\"@type\":\"ImageObject\",\"inLanguage\":\"de\",\"@id\":\"https:\\\/\\\/aikidoschule-essen.de\\\/?page_id=97#primaryimage\",\"url\":\"https:\\\/\\\/aikidoschule-essen.de\\\/wp-content\\\/uploads\\\/2022\\\/03\\\/N72_7035-scaled.jpg\",\"contentUrl\":\"https:\\\/\\\/aikidoschule-essen.de\\\/wp-content\\\/uploads\\\/2022\\\/03\\\/N72_7035-scaled.jpg\",\"width\":1707,\"height\":2560},{\"@type\":\"BreadcrumbList\",\"@id\":\"https:\\\/\\\/aikidoschule-essen.de\\\/?page_id=97#breadcrumb\",\"itemListElement\":[{\"@type\":\"ListItem\",\"position\":1,\"name\":\"Startseite\",\"item\":\"https:\\\/\\\/aikidoschule-essen.de\\\/\"},{\"@type\":\"ListItem\",\"position\":2,\"name\":\"Aikido\"}]},{\"@type\":\"WebSite\",\"@id\":\"https:\\\/\\\/aikidoschule-essen.de\\\/#website\",\"url\":\"https:\\\/\\\/aikidoschule-essen.de\\\/\",\"name\":\"Aikido-Schule Essen\",\"description\":\"Aikido ist mehr\",\"publisher\":{\"@id\":\"https:\\\/\\\/aikidoschule-essen.de\\\/#organization\"},\"potentialAction\":[{\"@type\":\"SearchAction\",\"target\":{\"@type\":\"EntryPoint\",\"urlTemplate\":\"https:\\\/\\\/aikidoschule-essen.de\\\/?s={search_term_string}\"},\"query-input\":{\"@type\":\"PropertyValueSpecification\",\"valueRequired\":true,\"valueName\":\"search_term_string\"}}],\"inLanguage\":\"de\"},{\"@type\":\"Organization\",\"@id\":\"https:\\\/\\\/aikidoschule-essen.de\\\/#organization\",\"name\":\"Aikidoschule Essen\",\"url\":\"https:\\\/\\\/aikidoschule-essen.de\\\/\",\"logo\":{\"@type\":\"ImageObject\",\"inLanguage\":\"de\",\"@id\":\"https:\\\/\\\/aikidoschule-essen.de\\\/#\\\/schema\\\/logo\\\/image\\\/\",\"url\":\"\",\"contentUrl\":\"\",\"caption\":\"Aikidoschule Essen\"},\"image\":{\"@id\":\"https:\\\/\\\/aikidoschule-essen.de\\\/#\\\/schema\\\/logo\\\/image\\\/\"}}]}<\/script>\n<!-- \/ Yoast SEO plugin. -->","yoast_head_json":{"title":"Aikido in der Aikidoschule Essen &#8211; Aikido f\u00fcr alle Altersgruppen","description":"Aikido in der Aikidoschule Essen, Kampfkunstf\u00fcr alle Altersgruppen, innere Kraft, k\u00f6rperliche Fitness, mentales Training, Selbstverteidigung","robots":{"index":"index","follow":"follow","max-snippet":"max-snippet:-1","max-image-preview":"max-image-preview:large","max-video-preview":"max-video-preview:-1"},"canonical":"https:\/\/aikidoschule-essen.de\/?page_id=97","og_locale":"de_DE","og_type":"article","og_title":"Aikido in der Aikidoschule Essen &#8211; Aikido f\u00fcr alle Altersgruppen","og_description":"Aikido in der Aikidoschule Essen, Kampfkunstf\u00fcr alle Altersgruppen, innere Kraft, k\u00f6rperliche Fitness, mentales Training, Selbstverteidigung","og_url":"https:\/\/aikidoschule-essen.de\/?page_id=97","og_site_name":"Aikidoschule Essen","article_modified_time":"2023-09-05T13:49:35+00:00","og_image":[{"url":"https:\/\/aikidoschule-essen.de\/wp-content\/uploads\/2022\/03\/N72_7035-683x1024.jpg","type":"","width":"","height":""}],"twitter_card":"summary_large_image","twitter_misc":{"Gesch\u00e4tzte Lesezeit":"5\u00a0Minuten"},"schema":{"@context":"https:\/\/schema.org","@graph":[{"@type":"WebPage","@id":"https:\/\/aikidoschule-essen.de\/?page_id=97","url":"https:\/\/aikidoschule-essen.de\/?page_id=97","name":"Aikido in der Aikidoschule Essen &#8211; Aikido f\u00fcr alle Altersgruppen","isPartOf":{"@id":"https:\/\/aikidoschule-essen.de\/#website"},"primaryImageOfPage":{"@id":"https:\/\/aikidoschule-essen.de\/?page_id=97#primaryimage"},"image":{"@id":"https:\/\/aikidoschule-essen.de\/?page_id=97#primaryimage"},"thumbnailUrl":"https:\/\/aikidoschule-essen.de\/wp-content\/uploads\/2022\/03\/N72_7035-683x1024.jpg","datePublished":"2020-06-12T13:38:55+00:00","dateModified":"2023-09-05T13:49:35+00:00","description":"Aikido in der Aikidoschule Essen, Kampfkunstf\u00fcr alle Altersgruppen, innere Kraft, k\u00f6rperliche Fitness, mentales Training, Selbstverteidigung","breadcrumb":{"@id":"https:\/\/aikidoschule-essen.de\/?page_id=97#breadcrumb"},"inLanguage":"de","potentialAction":[{"@type":"ReadAction","target":["https:\/\/aikidoschule-essen.de\/?page_id=97"]}]},{"@type":"ImageObject","inLanguage":"de","@id":"https:\/\/aikidoschule-essen.de\/?page_id=97#primaryimage","url":"https:\/\/aikidoschule-essen.de\/wp-content\/uploads\/2022\/03\/N72_7035-scaled.jpg","contentUrl":"https:\/\/aikidoschule-essen.de\/wp-content\/uploads\/2022\/03\/N72_7035-scaled.jpg","width":1707,"height":2560},{"@type":"BreadcrumbList","@id":"https:\/\/aikidoschule-essen.de\/?page_id=97#breadcrumb","itemListElement":[{"@type":"ListItem","position":1,"name":"Startseite","item":"https:\/\/aikidoschule-essen.de\/"},{"@type":"ListItem","position":2,"name":"Aikido"}]},{"@type":"WebSite","@id":"https:\/\/aikidoschule-essen.de\/#website","url":"https:\/\/aikidoschule-essen.de\/","name":"Aikido-Schule Essen","description":"Aikido ist mehr","publisher":{"@id":"https:\/\/aikidoschule-essen.de\/#organization"},"potentialAction":[{"@type":"SearchAction","target":{"@type":"EntryPoint","urlTemplate":"https:\/\/aikidoschule-essen.de\/?s={search_term_string}"},"query-input":{"@type":"PropertyValueSpecification","valueRequired":true,"valueName":"search_term_string"}}],"inLanguage":"de"},{"@type":"Organization","@id":"https:\/\/aikidoschule-essen.de\/#organization","name":"Aikidoschule Essen","url":"https:\/\/aikidoschule-essen.de\/","logo":{"@type":"ImageObject","inLanguage":"de","@id":"https:\/\/aikidoschule-essen.de\/#\/schema\/logo\/image\/","url":"","contentUrl":"","caption":"Aikidoschule Essen"},"image":{"@id":"https:\/\/aikidoschule-essen.de\/#\/schema\/logo\/image\/"}}]}},"_links":{"self":[{"href":"https:\/\/aikidoschule-essen.de\/index.php?rest_route=\/wp\/v2\/pages\/97","targetHints":{"allow":["GET"]}}],"collection":[{"href":"https:\/\/aikidoschule-essen.de\/index.php?rest_route=\/wp\/v2\/pages"}],"about":[{"href":"https:\/\/aikidoschule-essen.de\/index.php?rest_route=\/wp\/v2\/types\/page"}],"author":[{"embeddable":true,"href":"https:\/\/aikidoschule-essen.de\/index.php?rest_route=\/wp\/v2\/users\/1"}],"replies":[{"embeddable":true,"href":"https:\/\/aikidoschule-essen.de\/index.php?rest_route=%2Fwp%2Fv2%2Fcomments&post=97"}],"version-history":[{"count":30,"href":"https:\/\/aikidoschule-essen.de\/index.php?rest_route=\/wp\/v2\/pages\/97\/revisions"}],"predecessor-version":[{"id":1103,"href":"https:\/\/aikidoschule-essen.de\/index.php?rest_route=\/wp\/v2\/pages\/97\/revisions\/1103"}],"wp:attachment":[{"href":"https:\/\/aikidoschule-essen.de\/index.php?rest_route=%2Fwp%2Fv2%2Fmedia&parent=97"}],"curies":[{"name":"wp","href":"https:\/\/api.w.org\/{rel}","templated":true}]}}