{"id":487,"date":"2020-09-30T13:06:10","date_gmt":"2020-09-30T11:06:10","guid":{"rendered":"https:\/\/aikidoschule-essen.de\/?page_id=487"},"modified":"2022-11-25T12:58:30","modified_gmt":"2022-11-25T10:58:30","slug":"aktuelles","status":"publish","type":"page","link":"https:\/\/aikidoschule-essen.de\/?page_id=487","title":{"rendered":"Aktuelles"},"content":{"rendered":"\n<p>Aktuelles und Hinweise zum Trainingsbetrieb in der Aikidoschule Essen  Lehrgangsank\u00fcndigungen, Schlie\u00dfungen, Sondertrainings etc.<\/p>\n\n\n\n<p class=\"has-text-align-left has-white-color has-vivid-cyan-blue-background-color has-text-color has-background has-medium-font-size\">Lehrgangskalender des Aikikai Deutschland e.V. <a href=\"https:\/\/aikikai.de\/lehrgaenge\/\">HIER<\/a><\/p>\n\n\n\n<p><\/p>\n\n\n\n<p class=\"has-medium-font-size\"><br><\/p>\n\n\n\n<p><\/p>\n\n\n\n<p><\/p>\n\n\n\n<h2 class=\"wp-block-heading\" id=\"anmeldungen\">Anmeldungen<\/h2>\n\n\n\n<p>Bei Interesse an einem der Kurse oder an einer Vollmitgliedschaft benutzen Sie bitte das<a href=\"https:\/\/aikidoschule-essen.de\/?page_id=252\"> Kontaktformular<\/a> ,  oder  melden sich telefonisch zu einem Probetraining an.<\/p>\n\n\n\n<p class=\"has-vivid-red-color has-text-color\"><\/p>\n\n\n\n<h2 class=\"wp-block-heading\" id=\"hygienemassnahmen\">Hygienema\u00dfnahmen<\/h2>\n\n\n\n<p>Es gelten die \u00fcblichen Hygienema\u00dfnahmen.<\/p>\n\n\n\n<p><\/p>\n\n\n\n<p><br><\/p>\n","protected":false},"excerpt":{"rendered":"<p>Aktuelles und Hinweise zum Trainingsbetrieb in der Aikidoschule Essen Lehrgangsank\u00fcndigungen, Schlie\u00dfungen, Sondertrainings etc. Lehrgangskalender des Aikikai Deutschland e.V. HIER Anmeldungen Bei Interesse an einem der Kurse oder an einer Vollmitgliedschaft benutzen Sie bitte das Kontaktformular , oder melden sich telefonisch zu einem Probetraining an. Hygienema\u00dfnahmen Es gelten die \u00fcblichen Hygienema\u00dfnahmen.<\/p>\n","protected":false},"author":1,"featured_media":0,"parent":0,"menu_order":0,"comment_status":"closed","ping_status":"closed","template":"","meta":{"ocean_post_layout":"","ocean_both_sidebars_style":"","ocean_both_sidebars_content_width":0,"ocean_both_sidebars_sidebars_width":0,"ocean_sidebar":"0","ocean_second_sidebar":"0","ocean_disable_margins":"enable","ocean_add_body_class":"","ocean_shortcode_before_top_bar":"","ocean_shortcode_after_top_bar":"","ocean_shortcode_before_header":"","ocean_shortcode_after_header":"","ocean_has_shortcode":"","ocean_shortcode_after_title":"","ocean_shortcode_before_footer_widgets":"","ocean_shortcode_after_footer_widgets":"","ocean_shortcode_before_footer_bottom":"","ocean_shortcode_after_footer_bottom":"","ocean_display_top_bar":"default","ocean_display_header":"default","ocean_header_style":"","ocean_center_header_left_menu":"0","ocean_custom_header_template":"0","ocean_custom_logo":0,"ocean_custom_retina_logo":0,"ocean_custom_logo_max_width":0,"ocean_custom_logo_tablet_max_width":0,"ocean_custom_logo_mobile_max_width":0,"ocean_custom_logo_max_height":0,"ocean_custom_logo_tablet_max_height":0,"ocean_custom_logo_mobile_max_height":0,"ocean_header_custom_menu":"0","ocean_menu_typo_font_family":"0","ocean_menu_typo_font_subset":"","ocean_menu_typo_font_size":0,"ocean_menu_typo_font_size_tablet":0,"ocean_menu_typo_font_size_mobile":0,"ocean_menu_typo_font_size_unit":"px","ocean_menu_typo_font_weight":"","ocean_menu_typo_font_weight_tablet":"","ocean_menu_typo_font_weight_mobile":"","ocean_menu_typo_transform":"","ocean_menu_typo_transform_tablet":"","ocean_menu_typo_transform_mobile":"","ocean_menu_typo_line_height":0,"ocean_menu_typo_line_height_tablet":0,"ocean_menu_typo_line_height_mobile":0,"ocean_menu_typo_line_height_unit":"","ocean_menu_typo_spacing":0,"ocean_menu_typo_spacing_tablet":0,"ocean_menu_typo_spacing_mobile":0,"ocean_menu_typo_spacing_unit":"","ocean_menu_link_color":"","ocean_menu_link_color_hover":"","ocean_menu_link_color_active":"","ocean_menu_link_background":"","ocean_menu_link_hover_background":"","ocean_menu_link_active_background":"","ocean_menu_social_links_bg":"","ocean_menu_social_hover_links_bg":"","ocean_menu_social_links_color":"","ocean_menu_social_hover_links_color":"","ocean_disable_title":"default","ocean_disable_heading":"default","ocean_post_title":"","ocean_post_subheading":"","ocean_post_title_style":"","ocean_post_title_background_color":"","ocean_post_title_background":0,"ocean_post_title_bg_image_position":"","ocean_post_title_bg_image_attachment":"","ocean_post_title_bg_image_repeat":"","ocean_post_title_bg_image_size":"","ocean_post_title_height":0,"ocean_post_title_bg_overlay":0.5,"ocean_post_title_bg_overlay_color":"","ocean_disable_breadcrumbs":"default","ocean_breadcrumbs_color":"","ocean_breadcrumbs_separator_color":"","ocean_breadcrumbs_links_color":"","ocean_breadcrumbs_links_hover_color":"","ocean_display_footer_widgets":"default","ocean_display_footer_bottom":"default","ocean_custom_footer_template":"0","footnotes":""},"class_list":["post-487","page","type-page","status-publish","hentry","entry"],"yoast_head":"<!-- This site is optimized with the Yoast SEO plugin v27.5 - https:\/\/yoast.com\/product\/yoast-seo-wordpress\/ -->\n<title>Aktuelles &#8211; Aikidoschule Essen &#8211; Ank\u00fcndigungen und Informationen<\/title>\n<meta name=\"description\" content=\"Aktuelles &#8211; Hinweise zum Trainingsbetrieb in der Aikidoschule Essen &#8211; Lehrgangsank\u00fcndigungen, Schlie\u00dfungen, Sondertrainings etc.\" \/>\n<meta name=\"robots\" content=\"index, follow, max-snippet:-1, max-image-preview:large, max-video-preview:-1\" \/>\n<link rel=\"canonical\" href=\"https:\/\/aikidoschule-essen.de\/?page_id=487\" \/>\n<meta property=\"og:locale\" content=\"de_DE\" \/>\n<meta property=\"og:type\" content=\"article\" \/>\n<meta property=\"og:title\" content=\"Aktuelles &#8211; Aikidoschule Essen &#8211; Ank\u00fcndigungen und Informationen\" \/>\n<meta property=\"og:description\" content=\"Aktuelles &#8211; Hinweise zum Trainingsbetrieb in der Aikidoschule Essen &#8211; Lehrgangsank\u00fcndigungen, Schlie\u00dfungen, Sondertrainings etc.\" \/>\n<meta property=\"og:url\" content=\"https:\/\/aikidoschule-essen.de\/?page_id=487\" \/>\n<meta property=\"og:site_name\" content=\"Aikidoschule Essen\" \/>\n<meta property=\"article:modified_time\" content=\"2022-11-25T10:58:30+00:00\" \/>\n<meta name=\"twitter:card\" content=\"summary_large_image\" \/>\n<meta name=\"twitter:label1\" content=\"Gesch\u00e4tzte Lesezeit\" \/>\n\t<meta name=\"twitter:data1\" content=\"1\u00a0Minute\" \/>\n<script type=\"application\/ld+json\" class=\"yoast-schema-graph\">{\"@context\":\"https:\\\/\\\/schema.org\",\"@graph\":[{\"@type\":\"WebPage\",\"@id\":\"https:\\\/\\\/aikidoschule-essen.de\\\/?page_id=487\",\"url\":\"https:\\\/\\\/aikidoschule-essen.de\\\/?page_id=487\",\"name\":\"Aktuelles &#8211; Aikidoschule Essen &#8211; Ank\u00fcndigungen und Informationen\",\"isPartOf\":{\"@id\":\"https:\\\/\\\/aikidoschule-essen.de\\\/#website\"},\"datePublished\":\"2020-09-30T11:06:10+00:00\",\"dateModified\":\"2022-11-25T10:58:30+00:00\",\"description\":\"Aktuelles &#8211; Hinweise zum Trainingsbetrieb in der Aikidoschule Essen &#8211; Lehrgangsank\u00fcndigungen, Schlie\u00dfungen, Sondertrainings etc.\",\"breadcrumb\":{\"@id\":\"https:\\\/\\\/aikidoschule-essen.de\\\/?page_id=487#breadcrumb\"},\"inLanguage\":\"de\",\"potentialAction\":[{\"@type\":\"ReadAction\",\"target\":[\"https:\\\/\\\/aikidoschule-essen.de\\\/?page_id=487\"]}]},{\"@type\":\"BreadcrumbList\",\"@id\":\"https:\\\/\\\/aikidoschule-essen.de\\\/?page_id=487#breadcrumb\",\"itemListElement\":[{\"@type\":\"ListItem\",\"position\":1,\"name\":\"Startseite\",\"item\":\"https:\\\/\\\/aikidoschule-essen.de\\\/\"},{\"@type\":\"ListItem\",\"position\":2,\"name\":\"Aktuelles\"}]},{\"@type\":\"WebSite\",\"@id\":\"https:\\\/\\\/aikidoschule-essen.de\\\/#website\",\"url\":\"https:\\\/\\\/aikidoschule-essen.de\\\/\",\"name\":\"Aikido-Schule Essen\",\"description\":\"Aikido ist mehr\",\"publisher\":{\"@id\":\"https:\\\/\\\/aikidoschule-essen.de\\\/#organization\"},\"potentialAction\":[{\"@type\":\"SearchAction\",\"target\":{\"@type\":\"EntryPoint\",\"urlTemplate\":\"https:\\\/\\\/aikidoschule-essen.de\\\/?s={search_term_string}\"},\"query-input\":{\"@type\":\"PropertyValueSpecification\",\"valueRequired\":true,\"valueName\":\"search_term_string\"}}],\"inLanguage\":\"de\"},{\"@type\":\"Organization\",\"@id\":\"https:\\\/\\\/aikidoschule-essen.de\\\/#organization\",\"name\":\"Aikidoschule Essen\",\"url\":\"https:\\\/\\\/aikidoschule-essen.de\\\/\",\"logo\":{\"@type\":\"ImageObject\",\"inLanguage\":\"de\",\"@id\":\"https:\\\/\\\/aikidoschule-essen.de\\\/#\\\/schema\\\/logo\\\/image\\\/\",\"url\":\"\",\"contentUrl\":\"\",\"caption\":\"Aikidoschule Essen\"},\"image\":{\"@id\":\"https:\\\/\\\/aikidoschule-essen.de\\\/#\\\/schema\\\/logo\\\/image\\\/\"}}]}<\/script>\n<!-- \/ Yoast SEO plugin. -->","yoast_head_json":{"title":"Aktuelles &#8211; Aikidoschule Essen &#8211; Ank\u00fcndigungen und Informationen","description":"Aktuelles &#8211; Hinweise zum Trainingsbetrieb in der Aikidoschule Essen &#8211; Lehrgangsank\u00fcndigungen, Schlie\u00dfungen, Sondertrainings etc.","robots":{"index":"index","follow":"follow","max-snippet":"max-snippet:-1","max-image-preview":"max-image-preview:large","max-video-preview":"max-video-preview:-1"},"canonical":"https:\/\/aikidoschule-essen.de\/?page_id=487","og_locale":"de_DE","og_type":"article","og_title":"Aktuelles &#8211; Aikidoschule Essen &#8211; Ank\u00fcndigungen und Informationen","og_description":"Aktuelles &#8211; Hinweise zum Trainingsbetrieb in der Aikidoschule Essen &#8211; Lehrgangsank\u00fcndigungen, Schlie\u00dfungen, Sondertrainings etc.","og_url":"https:\/\/aikidoschule-essen.de\/?page_id=487","og_site_name":"Aikidoschule Essen","article_modified_time":"2022-11-25T10:58:30+00:00","twitter_card":"summary_large_image","twitter_misc":{"Gesch\u00e4tzte Lesezeit":"1\u00a0Minute"},"schema":{"@context":"https:\/\/schema.org","@graph":[{"@type":"WebPage","@id":"https:\/\/aikidoschule-essen.de\/?page_id=487","url":"https:\/\/aikidoschule-essen.de\/?page_id=487","name":"Aktuelles &#8211; Aikidoschule Essen &#8211; Ank\u00fcndigungen und Informationen","isPartOf":{"@id":"https:\/\/aikidoschule-essen.de\/#website"},"datePublished":"2020-09-30T11:06:10+00:00","dateModified":"2022-11-25T10:58:30+00:00","description":"Aktuelles &#8211; Hinweise zum Trainingsbetrieb in der Aikidoschule Essen &#8211; Lehrgangsank\u00fcndigungen, Schlie\u00dfungen, Sondertrainings etc.","breadcrumb":{"@id":"https:\/\/aikidoschule-essen.de\/?page_id=487#breadcrumb"},"inLanguage":"de","potentialAction":[{"@type":"ReadAction","target":["https:\/\/aikidoschule-essen.de\/?page_id=487"]}]},{"@type":"BreadcrumbList","@id":"https:\/\/aikidoschule-essen.de\/?page_id=487#breadcrumb","itemListElement":[{"@type":"ListItem","position":1,"name":"Startseite","item":"https:\/\/aikidoschule-essen.de\/"},{"@type":"ListItem","position":2,"name":"Aktuelles"}]},{"@type":"WebSite","@id":"https:\/\/aikidoschule-essen.de\/#website","url":"https:\/\/aikidoschule-essen.de\/","name":"Aikido-Schule Essen","description":"Aikido ist mehr","publisher":{"@id":"https:\/\/aikidoschule-essen.de\/#organization"},"potentialAction":[{"@type":"SearchAction","target":{"@type":"EntryPoint","urlTemplate":"https:\/\/aikidoschule-essen.de\/?s={search_term_string}"},"query-input":{"@type":"PropertyValueSpecification","valueRequired":true,"valueName":"search_term_string"}}],"inLanguage":"de"},{"@type":"Organization","@id":"https:\/\/aikidoschule-essen.de\/#organization","name":"Aikidoschule Essen","url":"https:\/\/aikidoschule-essen.de\/","logo":{"@type":"ImageObject","inLanguage":"de","@id":"https:\/\/aikidoschule-essen.de\/#\/schema\/logo\/image\/","url":"","contentUrl":"","caption":"Aikidoschule Essen"},"image":{"@id":"https:\/\/aikidoschule-essen.de\/#\/schema\/logo\/image\/"}}]}},"_links":{"self":[{"href":"https:\/\/aikidoschule-essen.de\/index.php?rest_route=\/wp\/v2\/pages\/487","targetHints":{"allow":["GET"]}}],"collection":[{"href":"https:\/\/aikidoschule-essen.de\/index.php?rest_route=\/wp\/v2\/pages"}],"about":[{"href":"https:\/\/aikidoschule-essen.de\/index.php?rest_route=\/wp\/v2\/types\/page"}],"author":[{"embeddable":true,"href":"https:\/\/aikidoschule-essen.de\/index.php?rest_route=\/wp\/v2\/users\/1"}],"replies":[{"embeddable":true,"href":"https:\/\/aikidoschule-essen.de\/index.php?rest_route=%2Fwp%2Fv2%2Fcomments&post=487"}],"version-history":[{"count":33,"href":"https:\/\/aikidoschule-essen.de\/index.php?rest_route=\/wp\/v2\/pages\/487\/revisions"}],"predecessor-version":[{"id":922,"href":"https:\/\/aikidoschule-essen.de\/index.php?rest_route=\/wp\/v2\/pages\/487\/revisions\/922"}],"wp:attachment":[{"href":"https:\/\/aikidoschule-essen.de\/index.php?rest_route=%2Fwp%2Fv2%2Fmedia&parent=487"}],"curies":[{"name":"wp","href":"https:\/\/api.w.org\/{rel}","templated":true}]}}